 b(i) = -5*i**2 + 2*i - 2. Let p(z) = -b(z) - 6*n(z). What is the remainder when 71 is divided by p(2)?
23
Let u(a) be the third derivative of a**6/120 + a**5/10 - a**4/12 - a**3/2 - 3*a**2. Calculate the remainder when u(-5) is divided by 11.
10
Let d(l) = 18*l - 3. What is the remainder when d(4) is divided by 18?
15
Let w = 4 + -1. Suppose -5*x + 4*x - 3 = 0, -3*o + 4*x = -24. Calculate the remainder when o is divided by w.
1
Let o be 6/(-3) + 10 + 0. Let n = o - 2. Suppose n*v - 130 = v. Calculate the remainder when v is divided by 9.
8
Suppose 5*z - 2*q - 333 = 0, 0 = 3*z - q - 129 - 70. Calculate the remainder when z is divided by 17.
14
Suppose -p - 13 + 9 = 0. Let c(y) be the third derivative of y**6/120 + y**5/15 - y**4/12 - y**3/6 - y**2. Calculate the remainder when 12 is divided by c(p).
5
Suppose 13 = 2*l - 3. Calculate the remainder when l is divided by 3.
2
Let z(h) = -h + 11. Let x be z(15). Let m = 7 - x. Calculate the remainder when 20 is divided by m.
9
Let p = 35 - 21. Calculate the remainder when 41 is divided by p.
13
Suppose -o + 33 = 2*a - 0*o, -3*a - o + 50 = 0. Calculate the remainder when a is divided by 10.
7
Let o(p) = -p + 30. What is the remainder when 46 is divided by o(14)?
14
Let i(k) = k**3 + 7*k**2 + 2. Let y be i(-3). Let z = -16 + y. Calculate the remainder when 42 is divided by z.
20
Suppose 18 = -6*f + 9*f. Calculate the remainder when 10 is divided by f.
4
Suppose 7 = 2*w + 1. Suppose 47 = w*z - 22. What is the remainder when 43 is divided by z?
20
Let l(n) = -n**3 - 9*n**2 - 8*n + 4. Calculate the remainder when 9 is divided by l(-8).
1
Suppose -2*r = -r - 11. Let m(y) = y + 10. Calculate the remainder when m(10) is divided by r.
9
Suppose 0 = -0*m + 2*m. Suppose -4*x - 36 + 136 = m. Calculate the remainder when x is divided by 13.
12
Let v(h) = -3*h + 33. What is the remainder when 23 is divided by v(7)?
11
Suppose -5*r + 8*j - 4*j = -32, r = j + 6. Calculate the remainder when r is divided by 6.
2
Let k(n) = n**2 + 3*n + 2. Let w be k(-3). Suppose 77 = 2*u + 5*h, w*h = 2*u - 4*u + 86. Calculate the remainder when u is divided by 16.
14
Suppose -b - 7 = -21. Let h(s) = 4*s - 4. Calculate the remainder when b is divided by h(3).
6
Let h(q) = -3*q + 33. What is the remainder when h(-10) is divided by 16?
15
Let y be 18/(-81) - (-4)/18. Suppose -g + 4*g - 45 = y. Calculate the remainder when g is divided by 6.
3
Let h = 55 + -38. Let b(s) = s**3 + 6*s**2 - 3*s - 2. Let x be b(-6). What is the remainder when x/(-1)*(-2 - 0) is divided by h?
15
Suppose 3*z - 45 - 45 = 0. Let q = 107 + -49. What is the remainder when q is divided by z?
28
Let p = 5 - 13. Suppose 4*d - 22 = 50. Let c = p + d. Calculate the remainder when 18 is divided by c.
8
Let i = 161 + -97. Let n(v) = v**3 - 14*v + 37. What is the remainder when i is divided by n(3)?
20
Let w(x) = -x**2 - 8*x - 5. Let m be w(-7). What is the remainder when 17 is divided by (-1)/m*(-8 - 4)?
5
What is the remainder when 6 is divided by (-3)/6*6*(-8)/6?
2
Suppose 2*n - 6*n = -196. Calculate the remainder when n is divided by 27.
22
Let b be (-2 - 1) + (-4)/(-2). Let f be (2 + -3)*31*b. Let s = f - 19. What is the remainder when 23 is divided by s?
11
Let k = -4 + 7. Calculate the remainder when k is divided by 2.
1
Suppose -k = 3*c - 22, -c - 3*k + 22 = k. Suppose h - 9 = -3*y, 36 = -0*h + 4*h - 4*y. Calculate the remainder when h is divided by c.
3
Let m(f) = -f + 6. Let j(c) = c**2 - 11*c + 9. Let n be j(9). Let g = 1 - n. What is the remainder when g is divided by m(0)?
4
Let r(y) = y**2 - 3*y - 4. Calculate the remainder when 15 is divided by r(5).
3
Let b be (-6)/(-3)*1/2. Let k be 3*(b + (-20)/(-3)). Suppose 0 = 4*n - 3*d - k, 4 = -4*n - 3*d - 3. What is the remainder when 4 is divided by n?
0
Suppose 24*p - 3 = 23*p. What is the remainder when 8 is divided by p?
2
Let y = 67 - 44. What is the remainder when 114 is divided by y?
22
Let f(y) = -y**2 - 6*y - 3. Let v be f(-4). Suppose 2*d = v*u - 0*u + 38, -5*d + 153 = 2*u. What is the remainder when d is divided by (-4)/(-14) - 136/(-14)?
9
Let h = 7 - 7. Suppose h = -k - 0*k + 78. Calculate the remainder when k is divided by 27.
24
Suppose -5*j - 37 = -3*x + 91, -78 = -2*x - 4*j. Suppose -2*z + 4 = 2*n - 18, -5*n - 2*z = -64. Calculate the remainder when x is divided by n.
13
Let x(t) = t**3 - 8*t**2 - 10*t + 31. Calculate the remainder when 30 is divided by x(9).
8
Let v(p) = -p - 355. Let q be v(0). Let j = q + 503. Suppose d - 12 = -4*o, -2*o - j = -d - 4*d. Calculate the remainder when d is divided by 15.
13
Suppose 4*q = -q. Let p = 1 - q. Calculate the remainder when -2*(21/(-2) - p) is divided by 12.
11
Let a(r) = r**2 - 7*r + 2. Let h = -7 + 14. Let v be a(h). Suppose v*d = -4 + 42. What is the remainder when 36 is divided by d?
17
Suppose 0*y - 4*c = -5*y + 93, -3*y + 53 = -c. Let b = y - 4. Calculate the remainder when b is divided by 7.
6
Let f = 32 - 15. Let t(k) = -k**2 + 6*k - 6. Let u be t(8). Let g = -16 - u. What is the remainder when f is divided by g?
5
Let a = 9 + -20. Let o = a - -28. Suppose -3*w = 5*q - o + 1, -36 = -4*w - 3*q. Calculate the remainder when 34 is divided by w.
10
Let m = 74 - 69. What is the remainder when 25 is divided by m?
0
Let z be (-4)/(-3)*(-144)/32. Let k be 1 + -2 + (1 - 1). Let o = k - z. Calculate the remainder when 13 is divided by o.
3
Suppose 3*f + 52 = 2*g, -5*f + f + 2*g = 66. Let d = 25 + f. Suppose 4*z - 134 = -2*m, -3*z + 163 = 2*z + m. What is the remainder when z is divided by d?
10
Suppose y - 3*y + 42 = 2*l, 2*l - 4*y - 72 = 0. What is the remainder when l is divided by 7?
5
Let j be -4 - (4/2)/(-1). Let t(c) = 9*c**2 - c. What is the remainder when t(2) is divided by (-13)/2*j + -1?
10
Suppose -c = 4*u - 108, -4*u + 2*u - 236 = -2*c. Let z = -15 - -20. Suppose w = z*w - c. What is the remainder when w is divided by 10?
9
Let f(p) = 14*p + 13. What is the remainder when 121 is divided by f(2)?
39
Let h = -57 - -91. Suppose 3*c + 6 = -2*b - b, c = b - 6. Suppose -4*m = -3*j + 16, b*j - 3*m - 10 = -1. What is the remainder when h is divided by j?
10
Let m = 0 - -42. What is the remainder when m is divided by 15?
12
Let a(x) = x**3 + 8*x**2 - 2*x - 5. Let w = -11 - -3. Let r be a(w). Let t = r + -6. Calculate the remainder when t is divided by 3.
2
Let y(o) = 4*o**2 - 5*o - 2. Calculate the remainder when y(-7) is divided by 58.
55
Suppose 15 = -5*c, -2*u - 3*c + 6*c = 1. Suppose 3*w + 10 = n, -n + 14 = -5*w + 2*n. What is the remainder when (w/u)/((-12)/(-690)) is divided by 12?
10
Let p = -77 + 85. Calculate the remainder when p is divided by 3.
2
Let i(s) = -s**3 - 4*s**2 - 2*s. Let x be i(-3). Let y = x + 8. What is the remainder when 8 is divided by y?
3
Let h(f) = -f - 9. Let a(j) = -5*j - 35. Let b(n) = 2*a(n) - 9*h(n). Let l be b(0). Calculate the remainder when 20 is divided by (0 - l)/(-1 + 0).
9
Suppose 0 = w + 4*w - 10. Let j(p) = 4*p**2 - 2. Calculate the remainder when j(w) is divided by 42/8 - (-2)/(-8).
4
Suppose -n = 0, 0 = -6*q + 2*q + 2*n + 28. Calculate the remainder when q is divided by 2.
1
Suppose 2 = -2*b + 12. What is the remainder when 28 is divided by b?
3
What is the remainder when 54 is divided by 10*(3 - 33/15)?
6
Suppose 3*i = 5*p - 16, -4 = 4*i - 4*p + 4. Let g be (24/28)/((-1)/7). Let f(k) = k**3 + 6*k**2 + 11. What is the remainder when f(g) is divided by i?
2
Let q = 95 - 66. Calculate the remainder when q is divided by 3/(-12) + (-122)/(-8).
14
Calculate the remainder when 38 is divided by (-382)/(-18) - (-6)/(-108)*4.
17
Let w = 10 + -6. Suppose -12 + 162 = 5*y. Suppose -y = -0*b - 3*b. Calculate the remainder when b is divided by w.
2
Let c(y) = -3*y. Let q be c(1). Let x = 13 + q. Suppose x*s - 175 = 5*s. Calculate the remainder when s is divided by 9.
8
Let c = -21 - -67. Let y be (-12)/18 + c/(-3). Let o = y + 34. Calculate the remainder when 34 is divided by o.
16
Suppose -32 = 3*y - 119. Calculate the remainder when 57 is divided by y.
28
Calculate the remainder when 44 is divided by (-1 - 0)*(-17 - -1).
12
Let u = 20 + -9. What is the remainder when 41 is divided by u?
8
Let n be (-126)/(-7)*(-2)/(-4). Suppose n = -3*l + 4*l. What is the remainder when 33 is divided by l?
6
Suppose -3*s = 4*t - 